et j(y) = 29*y**2 - 10 + 12*y**2 + 6*y + 64*y**2 + 3*y + 141*y**2. What are the prime factors of j(2)?
2, 31
Let w be 2 + (5 - (0 + 5)). Suppose w*r = -2*s + 620, s - 5*s = -4*r - 1208. What are the prime factors of s?
2, 3, 17
Let z = -9191 + 54385. List the prime factors of z.
2, 59, 383
List the prime factors of 5 - 4149765/(-99) - ((-12)/11)/6.
2, 3, 17, 137
Let c = 124 + 119. Let y = c - -359. What are the prime factors of y?
2, 7, 43
Let z(n) = -5*n**2 - 9*n - 15. Let c be z(-5). Let t = 160 + -388. Let l = c - t. List the prime factors of l.
7, 19
Suppose 0 = -26*b + 276810 - 83682. List the prime factors of b.
2, 3, 619
What are the prime factors of (7/21)/(-2*1/(-30432))?
2, 317
Let l = -18792 - -32841. List the prime factors of l.
3, 7, 223
List the prime factors of -6 - (1 + 7 - 11)*1449 - -4.
5, 11, 79
Suppose 13*c - 4 = 11*c. Suppose -f - 8*r + 614 = -9*r, -c*f - 4*r = -1246. What are the prime factors of (-2)/5 - (-6 + f/(-5))?
3, 43
Let v(q) = 108*q**3 + 17*q**2 - 142*q - 32. What are the prime factors of v(6)?
2, 11, 131
Suppose -4*s - 540 = 2*z - 2*s, -z - 266 = -s. Let a = z - -750. What are the prime factors of a?
2, 241
Suppose -35406 = -2*l - 2*k, -3*l = 2*k - 56586 + 3482. What are the prime factors of l?
2, 8849
Let a be (12/15)/((-20)/(-138050)). Suppose -q = 10*q - a. List the prime factors of q.
2, 251
Let a(v) = -v**3 + 9*v**2 - 2*v - 31. Let y be ((-48)/20)/(1 - 3/5). List the prime factors of a(y).
521
Suppose 2*i - 5*x + 10 = -3*i, 4*i - 6*x = -14. Let b be (-56)/10 + (-4)/10. List the prime factors of (142/(-4))/(i*3/b).
71
Let m(z) = 72 - 7*z**2 - z**3 - 4*z - 151 + 74. Let n be m(-7). Suppose 620 = n*y - 18*y. What are the prime factors of y?
2, 31
Let w be 2 + (13 - 2/1). Let h(a) = -11*a**2 - 10*a - 13. Let z(b) = 62*b**2 + 60*b + 79. Let x(y) = -34*h(y) - 6*z(y). List the prime factors of x(w).
2, 23
Let d = -2176 - -2180. Let u(b) = 65*b + 2. Let a be u(5). Suppose -a = -d*z - 63. What are the prime factors of z?
2, 3, 11
Let n(f) = f**3 + 6*f**2 + 7*f - 5. Let h be n(-4). What are the prime factors of (-1 + -3 + 4 - h)*163?
163
Suppose 0 = 2*f - 4*f + 25430 - 5616. What are the prime factors of f?
9907
Let d(q) = q**3 - 36*q**2 - 76*q + 29. Let i be d(38). Suppose 5*o - 26*b - 7093 = -i*b, -2*b - 8 = 0. List the prime factors of o.
7, 29
Let g(a) = a**3 + 6*a**2 + 6*a + 1. Let i be g(-2). Suppose 3*p = 2*h - 122, -3*h - i*p = -3*p - 196. What are the prime factors of h?
2
Let h(a) = -3*a**3 - 78*a**2 - 36*a - 35. Let k be h(-26). Suppose 173 = -7*s + k. List the prime factors of s.
2, 13
Let p(d) = -77*d - 57. Let v be p(-10). Suppose 5*k - v = 1892. List the prime factors of k.
521
Let r = 1428 + 3526. Suppose 0 = -5*n + 9*n + 8, 3*j = 2*n + r. What are the prime factors of j?
2, 3, 5, 11
List the prime factors of (-4 - -5)*(1 + 6127).
2, 383
Let q(r) = -109*r + 51*r - 3*r**3 + 55*r - 7*r**2 + 3. What are the prime factors of q(-5)?
2, 109
Let n(d) = d**2 - 18*d + 12. Let a be n(19). Suppose 3*g + a = q - 11, -4*g = -2*q + 80. What are the prime factors of (q/8)/(1 + -7)*-20?
3, 5
Let y be (-4)/(-12) - (-1)/((-3)/(-11)). Suppose -k - 3*x + 116 = -73, -y*k + 2*x + 686 = 0. Suppose -20 = -2*n + k. What are the prime factors of n?
97
Suppose -175*f = -119*f - 513800. List the prime factors of f.
5, 367
Suppose -y + 37693 - 9247 = 2*m, 3*y - 2*m - 85354 = 0. What are the prime factors of y?
2, 5, 569
Suppose 4*b = -726 - 18. Let a = -65 - b. List the prime factors of a.
11
Let i(d) = 2*d**2 + 4*d + 2892. What are the prime factors of i(-100)?
2, 5623
Let d(k) be the third derivative of k**5/5 - 15*k**4/8 + 91*k**3/2 + 98*k**2 - 2. List the prime factors of d(6).
3, 5, 29
List the prime factors of -3 - (69 - 47)/((-1)/97).
2131
Suppose 0 = n + 5*f + 10, -2*f - 3 - 1 = 4*n. Let r be 1/2*(n + 2). What are the prime factors of (-5 + 3 + 58)/r?
2, 7
Let d = 69 - 66. Suppose -d*t + 0 + 6 = 0. List the prime factors of (t + -1 - -1) + (-1513)/(-17).
7, 13
Suppose -2*q = -3*q - 3*a - 21, 4*q = -3*a - 39. Let m be 0*(4 - 1)/q. What are the prime factors of -1*(m - (-4 - -3)) - -9?
2
Suppose -6*y + 850 = -3200. Suppose -14*c + 2523 = y. List the prime factors of c.
2, 3, 11
Let q be (-2)/(-8) + (12142/8 - -6). Suppose -13*y - 1206 = q. Let c = -116 - y. List the prime factors of c.
2, 47
Suppose -15 = 28*w - 25*w. List the prime factors of (-159)/(10/w*1 - -1).
3, 53
Let o be (5/(-15))/(-2 - 227/(-114)). Let k be ((-819)/14 + 6)*o/(-3). Suppose 6*m - 559 - k = 0. List the prime factors of m.
2, 3, 17
Suppose -74*d = 22*d - 61120 - 279680. What are the prime factors of d?
2, 5, 71
Suppose -t = 5*z - 211, -5*t - 41*z + 968 = -45*z. List the prime factors of t.
2, 7
Suppose -10*j + 60471 = -28911 - 91838. List the prime factors of j.
2, 13, 17, 41
Let a(r) = 3 - 427*r - 43 - 11 - 14. List the prime factors of a(-2).
3, 263
Suppose -25*n - 23938 = -72*n + 138024. What are the prime factors of n?
2, 1723
Let m be (17/(-2) + 1)*(-70)/15. Let t be (1 + -98)/((-7)/m). Let c = t + -287. What are the prime factors of c?
2, 3, 11
Let t = 72 - 67. Let l(p) = -t + p + 5 - 6*p + 29. List the prime factors of l(-28).
13
Let d = 75 + -68. Let f(c) = 44*c + 36. What are the prime factors of f(d)?
2, 43
Let p = 146 + -143. Suppose 3*m = 4*d + 2536, 1173 = p*m - 2*d - 1361. What are the prime factors of m?
2, 211
Let g be 0*((-1)/9)/(7/(-21)). Suppose -10*s + 17*s - 2492 = g. What are the prime factors of s?
2, 89
Suppose i + 21 - 23 = 0. Suppose -5*x - 37 = -i*c, x + 1 = -4. Suppose -8*a = -c*a - 102. List the prime factors of a.
3, 17
Let j(m) be the first derivative of -m**4/2 - 3*m**3 + 15*m**2/2 - 16*m + 120. List the prime factors of j(-9).
2, 17
Let n(r) = 2628*r + 1121. What are the prime factors of n(4)?
11633
Let s(f) = 1225*f**3 + 23*f**2 - 37*f + 22. List the prime factors of s(4).
2, 3, 17, 257
Suppose 0 = -5*j - t + 32, 16 - 14 = -j + 4*t. What are the prime factors of ((-31554)/(-24))/(j/8)?
1753
Let u(l) = 16*l**3 - 33*l + 129. What are the prime factors of u(6)?
3, 1129
Suppose 9 = 3*c, 5*u + 5*c - 12 = c. Suppose u = -227*q + 224*q + 3090. What are the prime factors of q?
2, 5, 103
Suppose d - 24 = 5*d. Let s be d/8 + -63*(-2)/8. What are the prime factors of (-2 - 24/18)*s/(-2)?
5
Suppose 14*m = -3*f + 16*m + 28760, -38335 = -4*f + 5*m. What are the prime factors of f?
2, 5, 7, 137
Let j = 35 + -41. Let f be (-9)/j + 492/(-8). Let p = 75 + f. List the prime factors of p.
3, 5
Let o(a) = 4*a + 12. Let q be o(-6). Let b be ((-63)/(-4))/(q/(-32)). Let u = 15 + b. List the prime factors of u.
3, 19
Let d(j) be the second derivative of -j**5/5 + 7*j**4/12 + j**3 - 27*j**2/2 - 4*j - 9. What are the prime factors of d(-5)?
2, 3, 103
Let v(m) = 19*m**2 + 184*m - 22. List the prime factors of v(-31).
83, 151
Suppose -16*g = -18*g. Suppose 3*y = -5*z + 34, -3*z = -2*y - g + 10. Suppose -y*h + 720 + 1024 = 0. List the prime factors of h.
2, 109
Let j = 82557 + -49093. What are the prime factors of j?
2, 47, 89
Let b(i) = i**3 - 36*i**2 + 57*i + 444. List the prime factors of b(40).
2, 2281
Let h = -3 - 0. Let i(s) be the first derivative of -s**4/2 + 2*s**3 + s**2 - s + 2483. What are the prime factors of i(h)?
101
Let k = -43 - -47. Suppose 3*m + 1092 = 6*m + g, 0 = k*g + 12. List the prime factors of m.
5, 73
Let f(s) = 158*s**3 - 11*s**2 + 93*s + 32. List the prime factors of f(6).
2, 131
Let z be ((-20)/(-25))/(1/40). Suppose -35*u = -z*u - 1821. What are the prime factors of u?
607
List the prime factors of 3205 + 5 + 3 - -12.
3, 5, 43
Let a(f) = -7*f - 35. Let d be a(-7). Let y(v) = 23*v**3 + 10*v - 2*v**2 - 45*v**3 + d*v**2 + 23*v**3 - 4. List the prime factors of y(-11).
7
Let v(x) = 11 + 7*x - 5*x - x. Let o be v(-5). Suppose 0 = -2*n + o + 18. What are the prime factors of n?
2, 3
Let f = -26037 + 37732. List the prime factors of f.
5, 2339
Let w(m) = -26 - 9*m - 26 + 44 + 8*m**2 + 7*m**2. List the prime factors of w(5).
2, 7, 23
Let h(q) = 23*q - 7. Let z be h(-3). Let p = 145 - z. Suppose 0 = 4*v - y + 4*y - p, v = -3*y + 44. What are the prime factors of v?
59
List the prime factors of (44/(-44))/((-2)/8566).
4283
Let c be (-6)/10 + 0 + (-3)/(-5). Suppose -3*u + 9 = -c. Suppose 2*q - 139 = 4*x + 39, -2*q + 175 =